2 - (-7)/(-1). Let o(y) = y**2 + 6*y + 1. Calculate o(x).
-4
Let z(o) = 3*o - 4. Let f = -4 - -7. Let i be z(f). Suppose -3*u + m + 3 = -5, -i*u + 3*m = -8. Let c(h) = -2*h + 5. Determine c(u).
-3
Let g(w) = 9*w + 51. Let b(c) be the first derivative of c**2/2 + 5*c - 3. Let k(f) = -21*b(f) + 2*g(f). Determine k(-2).
3
Suppose o + 1 = -3. Let m = o + 8. Let p(b) = 3 + m*b**3 - 2*b**2 - 2*b**3 - 3*b**3 + 3*b**2. Calculate p(0).
3
Let b(c) = -c**2 - 6*c - 6. Suppose 3*j - 3 = 0, 4*j - 24 = 4*w - 0*j. What is b(w)?
-1
Let z(f) = -9*f - 1. Let d be z(-2). Let g = -15 + d. Let t(i) = i**3 - i**2 - i. What is t(g)?
2
Let x(r) = r - 7. Let f(w) = w**2 + 2*w + 1. Let j be f(-3). Let k be (-114)/(-27) - j/18. Determine x(k).
-3
Let f(l) = -23*l - 5. Let y(x) = -12*x - 3. Let a(b) = -4*f(b) + 7*y(b). Give a(-1).
-9
Let z(o) = 6*o**2 + o - 1. Let l be (-1 + -1 - -3)*1. Determine z(l).
6
Let b(v) = 3*v**3 + v - 1. Let p be b(1). Suppose -7 = -5*s + p. Let r(o) = 1 + 4*o**3 + 3*o + o**s - o**3 - 4*o. Determine r(1).
4
Let z be 4/22 - (-192)/33. Let c = z - 1. Suppose -2 = 2*l + 2*q, 0 = c*l + q + 3 + 14. Let x(r) = -r**2 - 6*r - 3. What is x(l)?
5
Let b(a) = -a**3 - 6*a**2 - 4*a + 1. Let x be (-12)/30 + (-46)/10. Let m be b(x). Let f(q) = -q - 5. Calculate f(m).
-1
Suppose a - 3*a = 0. Let d(j) = -j + 15. What is d(a)?
15
Suppose 0 = -s - 4 - 1. Let i(j) = -4*j + 2*j - 5*j + 2 - 13*j**2 + 12*j**2. Calculate i(s).
12
Let d(a) be the first derivative of -a**3/3 + 3*a**2 - 2*a + 3. Suppose 3*t - 3*o = 9, 4*t = -3*o + 4*o. Let p be 2 + (t*9)/(-3). What is d(p)?
3
Let f be 2/(-2) + (0 - 0). Let z(r) = 19*r**2 - 4. Let y(b) be the first derivative of -5*b**3/3 + b - 3. Let g(o) = 9*y(o) + 2*z(o). Calculate g(f).
-6
Let v = 115 - 2299/20. Let y(b) be the second derivative of 1/2*b**2 + 1/3*b**3 - 1/6*b**4 + 3*b + 0 - v*b**5. Determine y(2).
-11
Suppose 3*i = 3*f - 21, 5*i + 15 = -4*f - f. Let t(z) = -3*z**2 + 2*z + 3*z + f*z**2 + 6. Suppose -c = -6*c + 25. Give t(c).
6
Let g(b) = 5*b + 0*b**2 + b - b**3 - 5*b - b**2. Give g(2).
-10
Let y = 385 - 46199/120. Let x(d) be the third derivative of 0*d - d**2 - 1/3*d**3 + y*d**6 + 1/60*d**5 - 1/8*d**4 + 0. Determine x(-2).
0
Let d(i) = -i**3 + 2*i**2 + 5*i - 2. Suppose s + s + 10 = 0. Let n = s + 8. Let w be d(n). Let p(k) = k**2 - 4*k - 2. Determine p(w).
-2
Suppose -5*i = -1 - 4. Let f(o) = -2*o**3 - 3*o**2 + 4*o. Let g(m) = -m**3 + m + 1. Let u(c) = i*f(c) - 3*g(c). Determine u(3).
0
Let m(u) = u + 6. Let z be m(-6). Let s(o) = -12 - 5 - o**2 + 3 - o**3 + 9. Give s(z).
-5
Let n(d) = d**3 - 6*d**2 - 6*d - 3. Let f be (-4 - -2)/((-2)/3). Suppose v + 1 = 0, -f*v + 5 = w - v. Calculate n(w).
4
Let l(m) = 10*m - 11 + 6 + 5. Determine l(2).
20
Let u be -1 - (0 - 4 - -2). Let k = u - -5. Suppose 2*c - k*c + 15 = t, t - 5 = -2*c. Let b(g) = g. Determine b(c).
5
Let y(l) = l**3 - 2*l**2 - 3*l + 3. Let c be (-1)/2*(-5 - 1). What is y(c)?
3
Let y(l) be the third derivative of -l**5/60 - l**4/4 - l**3/6 - 2*l**2. Suppose 5*j + 28 = -2. What is y(j)?
-1
Let c(f) be the third derivative of -f**4/3 - f**3/6 - f**2. Let i(n) = -n**3 - 3*n**2 - n. Let m be i(-1). Give c(m).
7
Suppose -15 = -5*j, c = 5*j - 4 - 8. Let p be (1 - (12 - c)) + 2. Let w(b) = 2*b + 9. Calculate w(p).
-3
Let v(o) = -9*o - 2. Let t(s) = 4*s + 1. Let b(m) = -7*t(m) - 3*v(m). Give b(4).
-5
Let z(l) = -l**3 + 3*l + 3. Let i be z(-2). Let f(n) = -2*n + 5. Let w(m) = -m + 2. Let p(r) = -4*f(r) + 7*w(r). What is p(i)?
-1
Suppose 3*q + 26 - 71 = 0. Suppose -5*x + 14 = m + 2*m, 0 = 5*m - q. Let r(n) = -3*n + n + 3*n + 8 - x. What is r(-5)?
2
Let j(r) = 2*r**2 + 10*r - 2. Let k(b) = -b**2 - 5*b + 1. Let i(o) = 6*j(o) + 11*k(o). Determine i(-5).
-1
Let z(f) be the first derivative of -1/3*f**3 - 5*f - 5/2*f**2 - 2. What is z(-5)?
-5
Let u(p) = 2*p + 2. Suppose 0 = -0*z - 4*z + 12. Suppose -5*w + z*q - 2*q = 20, -4*q = 5*w - 5. What is u(w)?
-4
Let k(a) = 2*a + 3. Let x = 3 + -1. Let h(v) = -x*v - 1 + 5 + 3*v. Let d be h(-6). What is k(d)?
-1
Let i(u) = 4*u - 7. Let n be i(3). Let s(x) = -2*x + 2. What is s(n)?
-8
Let u = -13 + 5. Let m(l) = -l**3 - 7*l**2 + 9*l + 4. Let v be m(u). Let b(h) = 2*h. Calculate b(v).
-8
Let s(w) = w**3 + 5*w**2 + w. Suppose j + 2*d - 3 = -2*d, -3*d + 6 = 0. What is s(j)?
-5
Let j(l) = 2*l**2 - 4*l + 3. Let c(v) = 5*v**2 - 12*v + 9. Let f(n) = -3*c(n) + 8*j(n). Give f(-5).
2
Let g(o) be the first derivative of -o**2 + 4*o - 1. Let d(f) = f**2 - 8*f + 11. Let s be d(9). Suppose -5*k = -0*k - 3*i - s, k + i = 4. Determine g(k).
-4
Let v(i) = -13*i**3 + 8*i**2 - 11*i + 2. Let f(x) = 7*x**3 - 4*x**2 + 6*x - 1. Let l(w) = -11*f(w) - 6*v(w). Calculate l(3).
-10
Let f(a) = -5*a**3 + 3*a**2 + 7*a - 5. Let m(g) = -6*g**3 + 3*g**2 + 8*g - 5. Let j(t) = 5*f(t) - 4*m(t). Give j(4).
-9
Let s(g) be the second derivative of g**3/6 + 2*g**2 - 3*g. Let z = -5 - -3. Calculate s(z).
2
Let g(a) be the third derivative of a**6/120 + a**5/12 + a**4/12 - a**3/2 + a**2. Give g(-4).
5
Let p(q) = -8*q**3 - 3*q**2 - 7*q + 7. Let d(i) = 7*i**3 + 2*i**2 + 6*i - 6. Let x(o) = -6*d(o) - 5*p(o). Determine x(2).
-5
Suppose 25 = 5*l, -5*f - 2*l - 3*l + 100 = 0. Suppose 0 = -5*m - 0*m + f. Let n(g) = -g**3 + 3*g**2 - g - 4. What is n(m)?
-7
Let t(c) = -c**2 + c - 2. Let i be t(2). Let o(x) be the first derivative of x**4/4 + 4*x**3/3 + x**2/2 - 2*x + 1. Determine o(i).
-6
Let o(p) be the second derivative of p**4/12 + p**3/3 - 5*p**2/2 - 2*p. Let l be o(-4). Let c(z) = -3*z + 4*z**2 - 2*z**2 + 2*z**2 + 2 - 3*z**2. What is c(l)?
2
Let d(g) = -5*g**3 - 4*g**2 - 9*g + 1. Let s(f) = -f**3 - f + 1. Let l(y) = -d(y) + 4*s(y). What is l(-3)?
-3
Let y(r) = -r - 4. Suppose 0 = -13*w + 12*w - 3. Give y(w).
-1
Let j = -5 - -3. Let o(u) = 2*u - 1 - u - 1 + 4. Determine o(j).
0
Let t = -3 + 5. Let w(f) = -1 + 0*f**2 - 4*f**3 + 0*f**t - f. Suppose 0 = 3*o - 1 + 4. Calculate w(o).
4
Let u(f) = -f**2 + 8*f + 3. Suppose 60 = 12*x - 2*x. Give u(x).
15
Suppose f - 9 = -0. Let m = -8 + f. Let x(i) = 1 + m - 2 + 2*i**2 - 5*i - 4. What is x(4)?
8
Let h = 8 - 11. Let b(a) be the first derivative of -a**4/4 - 5*a**3/3 - 3*a**2/2 + 2*a - 2. Give b(h).
-7
Let l(m) = m - 21. Suppose 10 = -c + 5*r - 5, 3*c + 4*r = 12. Determine l(c).
-21
Let c = -12 + 13. Let g(w) = -1 + 0*w - w - 2*w**2 - 1 + c. What is g(-1)?
-2
Let k(t) be the second derivative of -t**4/12 + 5*t**3/6 - 7*t**2/2 - 11*t + 3. What is k(5)?
-7
Let z(o) = 27 - o**2 - 20 - 5*o + 4*o - 3*o. Calculate z(-5).
2
Suppose 3*b - 2*a + 7 = 0, -9 = 3*b - 2*b - 2*a. Let h be (-1)/(-2)*(-1 - -9). Let s(w) = h*w - 3 + 3*w + 2. Calculate s(b).
6
Let r(z) = -4*z + 6. Suppose 3*s + 4*h - 6 = -4, 2*h + 12 = 5*s. Let l = s + 2. Calculate r(l).
-10
Let z(k) = -k**3 + k**2 + 6. Let n be (-6)/(2/(-8)*-6). Let c be n*3/(-6) - 2. Give z(c).
6
Suppose 2*b = -0*b + 4. Let o(y) = 1 + 2*y**2 - y**2 + 0*y**2 - y - 2*y**2. What is o(b)?
-5
Let k(c) = -c + 11. Let b be k(5). Let y(f) = 0*f - 10 + f - 4. Determine y(b).
-8
Let k(a) = 2*a + 1. Let s(v) = v + 2. Let j be s(-1). Let d be (-2 + j)/(4/28). Let y = -6 - d. Give k(y).
3
Let w(m) be the second derivative of -m**4/12 + 5*m - 7. Determine w(0).
0
Let o(l) be the second derivative of -1/12*l**4 + 3*l + 5/6*l**3 - 1/2*l**2 + 0. Determine o(4).
3
Let n(m) = 7*m**2 - 2*m**2 - 3*m**2 - m**2 + 1 - 3*m. Give n(3).
1
Let y(h) = -4*h - 23. Let p be y(-7). Let o(v) = -v**3 + 6*v**2 - 3*v - 6. Give o(p).
4
Let k(p) be the first derivative of 1/6*p**3 - 2*p + 2 - 1/2*p**2. Let z(x) be the first derivative of k(x). Calculate z(2).
1
Let t = 18 - 9. Let j(m) = -1 - 6*m + 10*m**2 + 0 - t*m**2. Let h = -8 - -12. What is j(h)?
-9
Let t be 4/10 - 16/(-10). Let g(b) = 1 + t*b**2 + 2*b**2 + 0*b - b. Let z be (2/(-2))/(-2 + 1). Determine g(z).
4
Let z be 1*(-1 - (-1 + 4/4)). Let x(j) = -2 - 4*j - j + 1. Calculate x(z).
4
Let l(i) be the second derivative of -i**3/3 - 3*i**2 + 30*i. Give l(-5).
4
Let k(z) = z**2 + 7*z + 6. Let b be k(-6). Let s = -4 - -7. Suppose -6 = -s*d - b. Let c(u) = 2*u**2 - 3*u + 2. Determine c(d).
4
Let s(a) = -a**3 - 5*a**2 + 2. Let g be -1 - 3 - (-1)/(-1). What is s(g)?
2
Let g(i) = -i**3 + 5*i**2 - i + 2. Suppose 0 = 2*s - r - 4*r - 25, -5*s + 16 = 3*r. Calculate g(s).
-3
Let w(u) = -u**2 + 4*u. Let k 